
{"id":6349,"date":"2023-12-20T13:35:15","date_gmt":"2023-12-20T13:35:15","guid":{"rendered":"https:\/\/global-medios.com\/?page_id=6349"},"modified":"2024-01-03T11:45:45","modified_gmt":"2024-01-03T11:45:45","slug":"disseny-editorial","status":"publish","type":"page","link":"https:\/\/www.globaldemedios.com\/ca\/disseny-editorial\/","title":{"rendered":"DISSENY EDITORIAL"},"content":{"rendered":"<p>[vc_section full_width=&#8221;stretch_row&#8221; content_placement=&#8221;middle&#8221; parallax=&#8221;content-moving&#8221; parallax_image=&#8221;6373&#8243;][vc_row css=&#8221;.vc_custom_1626435259654{padding-top: 200px !important;padding-bottom: 200px !important;}&#8221;][vc_column][vc_column_text]<\/p>\n<h2 style=\"font-size: 40px; text-align: left; font-family: Roboto Slab Bold; font-weight: 300; font-style: normal;\">DISSENY EDITORIAL<\/h2>\n<p>[\/vc_column_text][\/vc_column][\/vc_row][\/vc_section][vc_section full_width=&#8221;stretch_row&#8221; content_placement=&#8221;middle&#8221;][vc_row][vc_column][vc_column_text]<\/p>\n<blockquote><p>Mitjan\u00e7ant una conjunci\u00f3 d\u2019imatges i textos de forma est\u00e8tica aconseguim comunicar i transmetre un missatge i una s\u00e8rie de sensacions amb la finalitat d\u2019informar o d\u2019entretenir.<\/p><\/blockquote>\n<p>[\/vc_column_text][\/vc_column][\/vc_row][\/vc_section][vc_section full_width=&#8221;stretch_row&#8221; content_placement=&#8221;middle&#8221;][vc_row][vc_column width=&#8221;1\/2&#8243;][vc_column_text]<strong>T\u2019oferim disseny, maquetaci\u00f3 i impressi\u00f3 de:<\/strong><\/p>\n<ul>\n<li>Revistes corporatives<\/li>\n<li>Revistes peri\u00f2diques<\/li>\n<li>Encartats en els diaris<br \/>\n* En paper o digital<\/li>\n<\/ul>\n<p>Altres sectors: Revistes[\/vc_column_text][\/vc_column][vc_column width=&#8221;1\/2&#8243;][vc_column_text]<strong>Sector educatiu:<\/strong><\/p>\n<ul>\n<li>Col\u00b7legis<\/li>\n<li>Escoles infantils<\/li>\n<li>Centres de Formaci\u00f3 Professional<\/li>\n<li>Universitats i centres d&#8217;estudis superiors<\/li>\n<\/ul>\n<p>Distribuci\u00f3 a la teva mida (opcional)[\/vc_column_text][\/vc_column][\/vc_row][\/vc_section][vc_row equal_height=&#8221;yes&#8221;][vc_column][vc_tta_tour][vc_tta_section tab_id=&#8221;1644240324991-ff47a430-eae8&#8243;][vc_column_text]Disseny editorial[\/vc_column_text][vc_media_grid style=&#8221;load-more&#8221; items_per_page=&#8221;4&#8243; element_width=&#8221;6&#8243; gap=&#8221;1&#8243; grid_id=&#8221;vc_gid:1704282332695-03a25786-0104-7&#8243; include=&#8221;6356,6351,6352,6353,6354,6355,6350,6357,6358,6359,6360,6361,6362&#8243;][\/vc_tta_section][\/vc_tta_tour][\/vc_column][\/vc_row]<\/p>\n","protected":false},"excerpt":{"rendered":"<p>[vc_section full_width=&#8221;stretch_row&#8221; content_placement=&#8221;middle&#8221; parallax=&#8221;content-moving&#8221; parallax_image=&#8221;6373&#8243;][vc_row css=&#8221;.vc_custom_1626435259654{padding-top: 200px !important;padding-bottom: 200px !important;}&#8221;][vc_column][vc_column_text] DISSENY EDITORIAL [\/vc_column_text][\/vc_column][\/vc_row][\/vc_section][vc_section full_width=&#8221;stretch_row&#8221; content_placement=&#8221;middle&#8221;][vc_row][vc_column][vc_column_text] Mitjan\u00e7ant una conjunci\u00f3 d\u2019imatges i textos de forma est\u00e8tica aconseguim comunicar i transmetre un missatge i una s\u00e8rie de sensacions amb la finalitat d\u2019informar o d\u2019entretenir. [\/vc_column_text][\/vc_column][\/vc_row][\/vc_section][vc_section full_width=&#8221;stretch_row&#8221; content_placement=&#8221;middle&#8221;][vc_row][vc_column width=&#8221;1\/2&#8243;][vc_column_text]T\u2019oferim disseny, maquetaci\u00f3 i impressi\u00f3 de: Revistes corporatives Revistes peri\u00f2diques Encartats [&#8230;]<\/p>\n","protected":false},"author":1,"featured_media":0,"parent":0,"menu_order":0,"comment_status":"closed","ping_status":"closed","template":"","meta":{"inline_featured_image":false,"footnotes":""},"_links":{"self":[{"href":"https:\/\/www.globaldemedios.com\/ca\/wp-json\/wp\/v2\/pages\/6349"}],"collection":[{"href":"https:\/\/www.globaldemedios.com\/ca\/wp-json\/wp\/v2\/pages"}],"about":[{"href":"https:\/\/www.globaldemedios.com\/ca\/wp-json\/wp\/v2\/types\/page"}],"author":[{"embeddable":true,"href":"https:\/\/www.globaldemedios.com\/ca\/wp-json\/wp\/v2\/users\/1"}],"replies":[{"embeddable":true,"href":"https:\/\/www.globaldemedios.com\/ca\/wp-json\/wp\/v2\/comments?post=6349"}],"version-history":[{"count":10,"href":"https:\/\/www.globaldemedios.com\/ca\/wp-json\/wp\/v2\/pages\/6349\/revisions"}],"predecessor-version":[{"id":6729,"href":"https:\/\/www.globaldemedios.com\/ca\/wp-json\/wp\/v2\/pages\/6349\/revisions\/6729"}],"wp:attachment":[{"href":"https:\/\/www.globaldemedios.com\/ca\/wp-json\/wp\/v2\/media?parent=6349"}],"curies":[{"name":"wp","href":"https:\/\/api.w.org\/{rel}","templated":true}]}}

<p>[vc_section full_width=&#8221;stretch_row&#8221; content_placement=&#8221;middle&#8221; parallax=&#8221;content-moving&#8221; parallax_image=&#8221;6373&#8243;][vc_row css=&#8221;.vc_custom_1626435259654{padding-top: 200px !important;padding-bottom: 200px !important;}&#8221;][vc_column][vc_column_text]</p>
<h2 style="font-size: 40px; text-align: left; font-family: Roboto Slab Bold; font-weight: 300; font-style: normal;">DISSENY EDITORIAL</h2>
<p>[/vc_column_text][/vc_column][/vc_row][/vc_section][vc_section full_width=&#8221;stretch_row&#8221; content_placement=&#8221;middle&#8221;][vc_row][vc_column][vc_column_text]</p>
<blockquote><p>Mitjançant una conjunció d’imatges i textos de forma estètica aconseguim comunicar i transmetre un missatge i una sèrie de sensacions amb la finalitat d’informar o d’entretenir.</p></blockquote>
<p>[/vc_column_text][/vc_column][/vc_row][/vc_section][vc_section full_width=&#8221;stretch_row&#8221; content_placement=&#8221;middle&#8221;][vc_row][vc_column width=&#8221;1/2&#8243;][vc_column_text]<strong>T’oferim disseny, maquetació i impressió de:</strong></p>
<ul>
<li>Revistes corporatives</li>
<li>Revistes periòdiques</li>
<li>Encartats en els diaris<br />
* En paper o digital</li>
</ul>
<p>Altres sectors: Revistes[/vc_column_text][/vc_column][vc_column width=&#8221;1/2&#8243;][vc_column_text]<strong>Sector educatiu:</strong></p>
<ul>
<li>Col·legis</li>
<li>Escoles infantils</li>
<li>Centres de Formació Professional</li>
<li>Universitats i centres d&#8217;estudis superiors</li>
</ul>
<p>Distribució a la teva mida (opcional)[/vc_column_text][/vc_column][/vc_row][/vc_section][vc_row equal_height=&#8221;yes&#8221;][vc_column][vc_tta_tour][vc_tta_section tab_id=&#8221;1644240324991-ff47a430-eae8&#8243;][vc_column_text]Disseny editorial[/vc_column_text][vc_media_grid style=&#8221;load-more&#8221; items_per_page=&#8221;4&#8243; element_width=&#8221;6&#8243; gap=&#8221;1&#8243; grid_id=&#8221;vc_gid:1704282332695-03a25786-0104-7&#8243; include=&#8221;6356,6351,6352,6353,6354,6355,6350,6357,6358,6359,6360,6361,6362&#8243;][/vc_tta_section][/vc_tta_tour][/vc_column][/vc_row]</p>

<p>[vc_section full_width=&#8221;stretch_row&#8221; content_placement=&#8221;middle&#8221; parallax=&#8221;content-moving&#8221; parallax_image=&#8221;6373&#8243;][vc_row css=&#8221;.vc_custom_1626435259654{padding-top: 200px !important;padding-bottom: 200px !important;}&#8221;][vc_column][vc_column_text] DISSENY EDITORIAL [/vc_column_text][/vc_column][/vc_row][/vc_section][vc_section full_width=&#8221;stretch_row&#8221; content_placement=&#8221;middle&#8221;][vc_row][vc_column][vc_column_text] Mitjançant una conjunció d’imatges i textos de forma estètica aconseguim comunicar i transmetre un missatge i una sèrie de sensacions amb la finalitat d’informar o d’entretenir. [/vc_column_text][/vc_column][/vc_row][/vc_section][vc_section full_width=&#8221;stretch_row&#8221; content_placement=&#8221;middle&#8221;][vc_row][vc_column width=&#8221;1/2&#8243;][vc_column_text]T’oferim disseny, maquetació i impressió de: Revistes corporatives Revistes periòdiques Encartats [&#8230;]</p>
